{"id":8748,"date":"2015-12-01T15:12:56","date_gmt":"2015-12-01T15:12:56","guid":{"rendered":"http:\/\/mall.cmsmasters.net\/?page_id=8748"},"modified":"2025-05-14T11:13:54","modified_gmt":"2025-05-14T11:13:54","slug":"fashionbrand-2","status":"publish","type":"page","link":"https:\/\/centrolarotonda.ch\/?page_id=8748","title":{"rendered":"Da Moreno"},"content":{"rendered":"<style type=\"text\/css\"> \n#cmsmasters_row_69fb264a0d4a01_95976914 .cmsmasters_row_outer_parent { \n\tpadding-top: 50px; \n} \n\n#cmsmasters_row_69fb264a0d4a01_95976914 .cmsmasters_row_outer_parent { \n\tpadding-bottom: 55px; \n} \n\n \n#cmsmasters_heading_69fb264a0dcc80_01250673 { \n\ttext-align:left; \n\tmargin-top:30px; \n\tmargin-bottom:10px; \n} \n\n#cmsmasters_heading_69fb264a0dcc80_01250673 .cmsmasters_heading { \n\ttext-align:left; \n} \n\n#cmsmasters_heading_69fb264a0dcc80_01250673 .cmsmasters_heading, #cmsmasters_heading_69fb264a0dcc80_01250673 .cmsmasters_heading a { \n\tfont-weight:700; \n\tfont-style:normal; \n} \n\n#cmsmasters_heading_69fb264a0dcc80_01250673 .cmsmasters_heading_divider { \n} \n\n \n#cmsmasters_heading_69fb264a0ddba3_59409533 { \n\ttext-align:left; \n\tmargin-top:0px; \n\tmargin-bottom:10px; \n} \n\n#cmsmasters_heading_69fb264a0ddba3_59409533 .cmsmasters_heading { \n\ttext-align:left; \n} \n\n#cmsmasters_heading_69fb264a0ddba3_59409533 .cmsmasters_heading, #cmsmasters_heading_69fb264a0ddba3_59409533 .cmsmasters_heading a { \n\tfont-weight:700; \n\tfont-style:normal; \n} \n\n#cmsmasters_heading_69fb264a0ddba3_59409533 .cmsmasters_heading_divider { \n} \n\n \n#cmsmasters_heading_69fb264a0de4b8_30607460 { \n\ttext-align:left; \n\tmargin-top:0px; \n\tmargin-bottom:30px; \n} \n\n#cmsmasters_heading_69fb264a0de4b8_30607460 .cmsmasters_heading { \n\ttext-align:left; \n} \n\n#cmsmasters_heading_69fb264a0de4b8_30607460 .cmsmasters_heading, #cmsmasters_heading_69fb264a0de4b8_30607460 .cmsmasters_heading a { \n\tfont-weight:700; \n\tfont-style:normal; \n} \n\n#cmsmasters_heading_69fb264a0de4b8_30607460 .cmsmasters_heading_divider { \n} \n\n \n#cmsmasters_heading_69fb264a0defc6_93495479 { \n\ttext-align:left; \n\tmargin-top:0px; \n\tmargin-bottom:10px; \n} \n\n#cmsmasters_heading_69fb264a0defc6_93495479 .cmsmasters_heading { \n\ttext-align:left; \n} \n\n#cmsmasters_heading_69fb264a0defc6_93495479 .cmsmasters_heading, #cmsmasters_heading_69fb264a0defc6_93495479 .cmsmasters_heading a { \n\tfont-weight:700; \n\tfont-style:normal; \n} \n\n#cmsmasters_heading_69fb264a0defc6_93495479 .cmsmasters_heading_divider { \n} \n\n \n#cmsmasters_heading_69fb264a0df8d3_94760322 { \n\ttext-align:left; \n\tmargin-top:0px; \n\tmargin-bottom:50px; \n} \n\n#cmsmasters_heading_69fb264a0df8d3_94760322 .cmsmasters_heading { \n\ttext-align:left; \n} \n\n#cmsmasters_heading_69fb264a0df8d3_94760322 .cmsmasters_heading, #cmsmasters_heading_69fb264a0df8d3_94760322 .cmsmasters_heading a { \n\tfont-weight:700; \n\tfont-style:normal; \n} \n\n#cmsmasters_heading_69fb264a0df8d3_94760322 .cmsmasters_heading_divider { \n} \n\n \n#cmsmasters_divider_69fb264a0e1469_75046543 { \n\tborder-bottom-width:1px; \n\tborder-bottom-style:solid; \n\tpadding-top:0px; \n\tmargin-bottom:30px; \n} \n\r\n\t\t\t\t#cmsmasters_gallery_69fb264a0e2261_87935784 .cmsmasters_gallery {\r\n\t\t\t\t\tmargin:0 0 0 -15px;\r\n\t\t\t\t}\r\n\t\t\t\t\r\n\t\t\t\t#cmsmasters_gallery_69fb264a0e2261_87935784 .cmsmasters_gallery .cmsmasters_gallery_item {\r\n\t\t\t\t\tpadding:0 0 15px 15px;\r\n\t\t\t\t}\r\n\t\t\t<\/style><div id=\"cmsmasters_row_69fb264a0d4a01_95976914\" class=\"cmsmasters_row cmsmasters_color_scheme_default cmsmasters_row_top_default cmsmasters_row_bot_default cmsmasters_row_boxed\">\n<div class=\"cmsmasters_row_outer_parent\">\n<div class=\"cmsmasters_row_outer\">\n<div class=\"cmsmasters_row_inner\">\n<div class=\"cmsmasters_row_margin\">\n<div class=\"cmsmasters_column one_fourth\">\n<div class=\"cmsmasters_img  cmsmasters_image_n\">\n<img decoding=\"async\" src=\"https:\/\/centrolarotonda.ch\/wp-content\/uploads\/2025\/01\/Progetto-senza-titolo.png\" \/>\n<\/div>\n<div class=\"cmsmasters_text\">\n<p>&nbsp;<\/p>\n<\/div>\n\n<div id=\"cmsmasters_heading_69fb264a0dcc80_01250673\" class=\"cmsmasters_heading_wrap cmsmasters_heading_align_left\">\n\t<h3 class=\"cmsmasters_heading\">Orari di apertura:<\/h3>\n<\/div><div class=\"cmsmasters_text\">\n<div class=\"cmsmasters_text\">\n<p>Lu-Ve 09:00 \u2013 18:30, Gio 09:00-20:00, Sab 09:00-18:00<\/p>\n<\/div>\n<\/div>\n<div class=\"cmsmasters_text\">\n<p>&nbsp;<\/p>\n<\/div>\n\n<div id=\"cmsmasters_heading_69fb264a0ddba3_59409533\" class=\"cmsmasters_heading_wrap cmsmasters_heading_align_left\">\n\t<h3 class=\"cmsmasters_heading\">Informazioni contatti:<\/h3>\n<\/div>\n<div id=\"cmsmasters_heading_69fb264a0de4b8_30607460\" class=\"cmsmasters_heading_wrap cmsmasters_heading_align_left\">\n\t<h1 class=\"cmsmasters_heading\">091 224 30 31<\/h1>\n<\/div><div class=\"cmsmasters_text\">\n<p>&nbsp;<\/p>\n<\/div>\n\n<div id=\"cmsmasters_heading_69fb264a0defc6_93495479\" class=\"cmsmasters_heading_wrap cmsmasters_heading_align_left\">\n\t<h3 class=\"cmsmasters_heading\">Website:<\/h3>\n<\/div>\n<div id=\"cmsmasters_heading_69fb264a0df8d3_94760322\" class=\"cmsmasters_heading_wrap cmsmasters_heading_align_left\">\n\t<h5 class=\"cmsmasters_heading\"><a href=\"https:\/\/www.damoreno.ch\/it\/\">https:\/\/www.damoreno.ch\/it\/<\/a><\/h5>\n<\/div><div class=\"cmsmasters_text\">\n<p>&nbsp;<\/p>\n<\/div>\n<\/div>\n<div class=\"cmsmasters_column three_fourth\">\n\n<div id=\"cmsmasters_divider_69fb264a0e1469_75046543\" class=\"cmsmasters_divider cmsmasters_divider_width_long cmsmasters_divider_pos_center\"><\/div>\n<div class=\"cmsmasters_text\">\n<p><strong>CHI SIAMO<\/strong><\/p>\n<p>Il gruppo commerciale &#8220;DA MORENO \u2013 Dove tutto costa meno&#8221; \u00e8 una delle realt\u00e0 commerciali pi\u00f9 interessanti sorte negli ultimi anni in Canton Ticino . Da Moreno \u00e8 sinonimo di convenienza e qualit\u00e0, dove i clienti possono passare piacevoli ore all&#8217; insegna dello shopping \u201clow cost\u201d. Puoi Comodamente Acquistare i Nostri Prodotti Sul Nuovo Shop Online con prezzi spedizione agevolati.<\/p>\n<p>Il Sito \u00e8 in continuo aggiornamento di prodotti, se NON trovi il prodotto che cerchi, contattaci , se disponibile lo caricheremo.<\/p>\n<p>Non perdere l&#8217;occasione di visitare i nostri punti vendita in Ticino ( S. Antonino, Gravesano, Sementina, Bodio e Muralto) e di vedere le nostre fantastiche esposizioni dedicate alle stagionalit\u00e0<\/p>\n<p><strong>Orari di Apertura: Lu-Ve 09:00 \u2013 18:30, Gio 09:00-20:00, Sab 09:00-18:00<\/strong><\/p>\n<\/div>\n<div id=\"cmsmasters_gallery_69fb264a0e2261_87935784\" class=\"cmsmasters_gallery_wrap\"><ul class=\"cmsmasters_gallery cmsmasters_3 cmsmasters_more_items_loader\"><li class=\"cmsmasters_gallery_item\"><figure><a href=\"https:\/\/centrolarotonda.ch\/wp-content\/uploads\/2025\/05\/1-1.jpg\" rel=\"ilightbox[69fb264a0e2261_87935784]\"><img loading=\"lazy\" decoding=\"async\" width=\"580\" height=\"375\" src=\"https:\/\/centrolarotonda.ch\/wp-content\/uploads\/2025\/05\/1-1-580x375.jpg\" class=\"attachment-blog-masonry-thumb size-blog-masonry-thumb\" alt=\"\" srcset=\"https:\/\/centrolarotonda.ch\/wp-content\/uploads\/2025\/05\/1-1-580x375.jpg 580w, https:\/\/centrolarotonda.ch\/wp-content\/uploads\/2025\/05\/1-1-1160x750.jpg 1160w\" sizes=\"auto, (max-width: 580px) 100vw, 580px\" \/><\/a><\/figure><\/li><li class=\"cmsmasters_gallery_item\"><figure><a href=\"https:\/\/centrolarotonda.ch\/wp-content\/uploads\/2025\/05\/3.jpg\" rel=\"ilightbox[69fb264a0e2261_87935784]\"><img loading=\"lazy\" decoding=\"async\" width=\"580\" height=\"375\" src=\"https:\/\/centrolarotonda.ch\/wp-content\/uploads\/2025\/05\/3-580x375.jpg\" class=\"attachment-blog-masonry-thumb size-blog-masonry-thumb\" alt=\"\" srcset=\"https:\/\/centrolarotonda.ch\/wp-content\/uploads\/2025\/05\/3-580x375.jpg 580w, https:\/\/centrolarotonda.ch\/wp-content\/uploads\/2025\/05\/3-1160x750.jpg 1160w\" sizes=\"auto, (max-width: 580px) 100vw, 580px\" \/><\/a><\/figure><\/li><li class=\"cmsmasters_gallery_item\"><figure><a href=\"https:\/\/centrolarotonda.ch\/wp-content\/uploads\/2025\/05\/2.jpg\" rel=\"ilightbox[69fb264a0e2261_87935784]\"><img loading=\"lazy\" decoding=\"async\" width=\"580\" height=\"375\" src=\"https:\/\/centrolarotonda.ch\/wp-content\/uploads\/2025\/05\/2-580x375.jpg\" class=\"attachment-blog-masonry-thumb size-blog-masonry-thumb\" alt=\"\" srcset=\"https:\/\/centrolarotonda.ch\/wp-content\/uploads\/2025\/05\/2-580x375.jpg 580w, https:\/\/centrolarotonda.ch\/wp-content\/uploads\/2025\/05\/2-1160x750.jpg 1160w\" sizes=\"auto, (max-width: 580px) 100vw, 580px\" \/><\/a><\/figure><\/li><li class=\"cmsmasters_gallery_item\"><figure><a href=\"https:\/\/centrolarotonda.ch\/wp-content\/uploads\/2025\/05\/4.jpg\" rel=\"ilightbox[69fb264a0e2261_87935784]\"><img loading=\"lazy\" decoding=\"async\" width=\"580\" height=\"375\" src=\"https:\/\/centrolarotonda.ch\/wp-content\/uploads\/2025\/05\/4-580x375.jpg\" class=\"attachment-blog-masonry-thumb size-blog-masonry-thumb\" alt=\"\" srcset=\"https:\/\/centrolarotonda.ch\/wp-content\/uploads\/2025\/05\/4-580x375.jpg 580w, https:\/\/centrolarotonda.ch\/wp-content\/uploads\/2025\/05\/4-1160x750.jpg 1160w\" sizes=\"auto, (max-width: 580px) 100vw, 580px\" \/><\/a><\/figure><\/li><\/ul><script type=\"text\/javascript\">\r\n\t\t\t\tjQuery(document).ready(function () {\r\n\t\t\t\t\t(function ($) {\r\n\t\t\t\t\t\tif ($('#cmsmasters_gallery_69fb264a0e2261_87935784').find('.cmsmasters_gallery_item').length == '0') {\r\n\t\t\t\t\t\t\treturn false;\r\n\t\t\t\t\t\t}\r\n\t\t\t\t\t\t\r\n\t\t\t\t\t\t\r\n\t\t\t\t\t\tstartGallery( \r\n\t\t\t\t\t\t\t'69fb264a0e2261_87935784', \r\n\t\t\t\t\t\t\t'grid', \r\n\t\t\t\t\t\t\t'false', \r\n\t\t\t\t\t\t\t'false'\r\n\t\t\t\t\t\t);\r\n\t\t\t\t\t} )(jQuery);\r\n\t\t\t\t} );\r\n\t\t\t<\/script>\r\n\t\t\t<\/div>\n<\/div>\n<\/div>\n<\/div>\n<\/div>\n<\/div>\n<\/div>\n\n","protected":false},"excerpt":{"rendered":"","protected":false},"author":1,"featured_media":0,"parent":0,"menu_order":0,"comment_status":"closed","ping_status":"closed","template":"","meta":{"footnotes":""},"class_list":["post-8748","page","type-page","status-publish","hentry"],"_links":{"self":[{"href":"https:\/\/centrolarotonda.ch\/index.php?rest_route=\/wp\/v2\/pages\/8748","targetHints":{"allow":["GET"]}}],"collection":[{"href":"https:\/\/centrolarotonda.ch\/index.php?rest_route=\/wp\/v2\/pages"}],"about":[{"href":"https:\/\/centrolarotonda.ch\/index.php?rest_route=\/wp\/v2\/types\/page"}],"author":[{"embeddable":true,"href":"https:\/\/centrolarotonda.ch\/index.php?rest_route=\/wp\/v2\/users\/1"}],"replies":[{"embeddable":true,"href":"https:\/\/centrolarotonda.ch\/index.php?rest_route=%2Fwp%2Fv2%2Fcomments&post=8748"}],"version-history":[{"count":15,"href":"https:\/\/centrolarotonda.ch\/index.php?rest_route=\/wp\/v2\/pages\/8748\/revisions"}],"predecessor-version":[{"id":10706,"href":"https:\/\/centrolarotonda.ch\/index.php?rest_route=\/wp\/v2\/pages\/8748\/revisions\/10706"}],"wp:attachment":[{"href":"https:\/\/centrolarotonda.ch\/index.php?rest_route=%2Fwp%2Fv2%2Fmedia&parent=8748"}],"curies":[{"name":"wp","href":"https:\/\/api.w.org\/{rel}","templated":true}]}}