{"id":12425,"date":"2026-08-28T09:07:30","date_gmt":"2026-08-28T09:07:30","guid":{"rendered":"https:\/\/centrolarotonda.ch\/?post_type=project&#038;p=12425"},"modified":"2026-08-28T09:07:33","modified_gmt":"2026-08-28T09:07:33","slug":"avviso-alla-clientela","status":"publish","type":"project","link":"https:\/\/centrolarotonda.ch\/?project=avviso-alla-clientela","title":{"rendered":"AVVISO ALLA CLIENTELA"},"content":{"rendered":"<style type=\"text\/css\"><\/style>\n<p class=\"wp-block-paragraph\">Si informa che <strong>gioved\u00ec 3 settembre 2026<\/strong> il punto vendita <strong>MediaMarkt<\/strong> rester\u00e0 <strong>temporaneamente chiuso fino alle ore 15.00 circa<\/strong>.<\/p>\n\n\n\n<p class=\"wp-block-paragraph\">La riapertura \u00e8 prevista indicativamente <strong>alle ore 15.00<\/strong>.<\/p>\n\n\n\n<p class=\"wp-block-paragraph\">Grazie per la comprensione!<\/p>\n","protected":false},"excerpt":{"rendered":"<p>Si informa che gioved\u00ec 3 settembre 2026 il punto vendita MediaMarkt rester\u00e0 temporaneamente chiuso fino alle ore 15.00 circa. La riapertura \u00e8 prevista indicativamente alle ore 15.00. Grazie per la&#8230;<\/p>\n","protected":false},"author":1,"featured_media":12426,"menu_order":0,"comment_status":"closed","ping_status":"closed","template":"","format":"standard","meta":{"footnotes":""},"pj-categs":[17],"pj-tags":[72],"class_list":["post-12425","project","type-project","status-publish","format-standard","has-post-thumbnail","hentry","pj-categs-shopping","pj-tags-shopping"],"_links":{"self":[{"href":"https:\/\/centrolarotonda.ch\/index.php?rest_route=\/wp\/v2\/project\/12425","targetHints":{"allow":["GET"]}}],"collection":[{"href":"https:\/\/centrolarotonda.ch\/index.php?rest_route=\/wp\/v2\/project"}],"about":[{"href":"https:\/\/centrolarotonda.ch\/index.php?rest_route=\/wp\/v2\/types\/project"}],"author":[{"embeddable":true,"href":"https:\/\/centrolarotonda.ch\/index.php?rest_route=\/wp\/v2\/users\/1"}],"replies":[{"embeddable":true,"href":"https:\/\/centrolarotonda.ch\/index.php?rest_route=%2Fwp%2Fv2%2Fcomments&post=12425"}],"version-history":[{"count":1,"href":"https:\/\/centrolarotonda.ch\/index.php?rest_route=\/wp\/v2\/project\/12425\/revisions"}],"predecessor-version":[{"id":12427,"href":"https:\/\/centrolarotonda.ch\/index.php?rest_route=\/wp\/v2\/project\/12425\/revisions\/12427"}],"wp:featuredmedia":[{"embeddable":true,"href":"https:\/\/centrolarotonda.ch\/index.php?rest_route=\/wp\/v2\/media\/12426"}],"wp:attachment":[{"href":"https:\/\/centrolarotonda.ch\/index.php?rest_route=%2Fwp%2Fv2%2Fmedia&parent=12425"}],"wp:term":[{"taxonomy":"pj-categs","embeddable":true,"href":"https:\/\/centrolarotonda.ch\/index.php?rest_route=%2Fwp%2Fv2%2Fpj-categs&post=12425"},{"taxonomy":"pj-tags","embeddable":true,"href":"https:\/\/centrolarotonda.ch\/index.php?rest_route=%2Fwp%2Fv2%2Fpj-tags&post=12425"}],"curies":[{"name":"wp","href":"https:\/\/api.w.org\/{rel}","templated":true}]}}

<style type="text/css"></style>
<p class="wp-block-paragraph">Si informa che <strong>giovedì 3 settembre 2026</strong> il punto vendita <strong>MediaMarkt</strong> resterà <strong>temporaneamente chiuso fino alle ore 15.00 circa</strong>.</p>



<p class="wp-block-paragraph">La riapertura è prevista indicativamente <strong>alle ore 15.00</strong>.</p>



<p class="wp-block-paragraph">Grazie per la comprensione!</p>

<p>Si informa che giovedì 3 settembre 2026 il punto vendita MediaMarkt resterà temporaneamente chiuso fino alle ore 15.00 circa. La riapertura è prevista indicativamente alle ore 15.00. Grazie per la&#8230;</p>
